 of i?
2
Let x = -24 - -152. What is the hundreds digit of x?
1
Suppose 0 = 5*u - 14 - 1. Suppose -m - 4 = u. Let y = 13 + m. What is the units digit of y?
6
Suppose 5*x - 2 - 3 = 0. Let v be (-6)/(-2) - (3 - x). What is the units digit of (v - -1)/(2/3)?
3
Let w = 5 + -3. What is the units digit of w?
2
Let d(m) = -18*m - 5. Let c(v) = 36*v + 11. Let g(t) = 6*c(t) + 13*d(t). What is the tens digit of g(-1)?
1
Let u = -216 + 358. Suppose f + u = 5*q, 6*q + 2*f = q + 151. What is the tens digit of q?
2
Let i(z) = -z**2 - 3*z - 2. Let k be i(-3). Let m = 6 + k. Suppose m*a + q - 26 = 0, 5*a - 37 = -0*a + q. What is the units digit of a?
7
Suppose 0 = 2*z - 21 - 21. What is the tens digit of z?
2
Suppose -5*r + 215 = -0*r. What is the tens digit of r?
4
Suppose u + z - 112 = -z, 3*u - 5*z = 380. What is the hundreds digit of u?
1
Let n(k) = 2*k**2 + 2*k**3 - k**3 - k**2 + 6. Let r(v) = v - 1. Let o be r(1). What is the units digit of n(o)?
6
Let v(u) be the second derivative of u**3/2 + 3*u**2 - 2*u. Let n be v(5). Suppose -5*x = 1 - n. What is the units digit of x?
4
Let i(p) = 3*p - 3. Let n(l) = l**2 + 7*l + 3. Let v be n(-7). What is the units digit of i(v)?
6
Let w = -125 - -209. What is the tens digit of w?
8
Let r(p) = -p**2 + 5*p. Let s be r(3). Let q(a) = -6*a + 18. Let m(x) = 5*x - 17. Let k(y) = -5*m(y) - 4*q(y). What is the units digit of k(s)?
7
What is the units digit of (-1337)/(-8) + (-3)/24?
7
Suppose 0 = 4*y - 0 + 16. Suppose 2*a + 11 = f, -f - 3*a + 0*a - 4 = 0. Let v = f + y. What is the units digit of v?
1
Suppose o - 2*s - s = 255, 2*o + 5*s - 477 = 0. What is the tens digit of o?
4
Let d(a) = -a - 5. Let p(b) = -1. Let o(x) = -2*d(x) + 11*p(x). What is the tens digit of o(13)?
2
Suppose 0 = -2*b - 2*b + 56. What is the units digit of b?
4
Let x = -5 + 16. Let r = x - 1. What is the tens digit of r?
1
Let q = 10 - -244. What is the hundreds digit of q?
2
Let w(s) = -s**2 + 9*s - 2. Let n(r) = r**2 + 3*r. Let j be n(-4). Suppose -j*t + 30 = t. What is the tens digit of w(t)?
1
Let q(w) = w**3 + 11*w**2 + 12*w + 2. What is the units digit of q(-8)?
8
Suppose 3*q = 2*b + 792 + 34, -q = -3*b - 280. What is the tens digit of q?
7
Let q(x) = x**3 + 6*x**2 + 4*x + 3. Let b be q(-5). What is the tens digit of b/(-28) + (-172)/(-14)?
1
Suppose 5*d = -5*b + 20, -5*b + 4 + 6 = 0. Suppose -17 - 9 = -2*j - d*o, -27 = -4*j + o. What is the units digit of j?
8
Let c(t) = t**2 - 2*t + 1. Let j be ((-4)/(-6))/((-2)/(-6)). Suppose 7*x = j*x - 10. What is the units digit of c(x)?
9
Let z(p) = 11*p**3 - 3*p**2 + 2*p - 3. What is the units digit of z(2)?
7
Let s = 31 - 19. Let r = s + -6. What is the units digit of r?
6
Let k(w) = 2*w + 0 - 1 + 5*w**2 - w**3 - 1 - 2*w**2. Let j be 4 - (1 - -1)/2. What is the units digit of k(j)?
4
Let p(x) = -29*x**3 - x**2 + 1. What is the tens digit of p(-1)?
2
Let t be (5/(-2))/(-5)*-2. What is the tens digit of ((-6)/3)/(t/8)?
1
Suppose 6*v = 76 + 134. What is the tens digit of v?
3
Suppose 0 = w - 5, -v - 15 = -6*v - 4*w. Let z be 6*(v + (-21)/(-9)). What is the units digit of 6/z + (-3)/(-12)?
1
Let g = -24 + 43. Let m = g + -11. Suppose -m = -3*r + r. What is the units digit of r?
4
Let c = 10 + -1. Suppose 0 = -4*f + 3*m + c, f + 0*m = m + 2. Suppose 26 = 2*n - 2*y, -y = f*n - n - 11. What is the units digit of n?
8
What is the units digit of ((-5)/(-3))/((-6)/(-108))?
0
Let l(g) = -35*g - 73. What is the units digit of l(-8)?
7
Suppose -4*z = 3*m + 3, 5*z + 2*m = -m - 3. Suppose z = u + 16 - 58. What is the units digit of u?
2
Suppose 2*h = 5 + 7. Suppose h*s + 20 = s, 4*s + 32 = o. What is the units digit of o?
6
What is the tens digit of 1722/27 - (-4)/18?
6
Let x be (0/4)/(1/(-1)). Let p be x/2*(-1)/(-1). Let a = p + 10. What is the units digit of a?
0
Let o = -95 + 57. Let x = 55 + o. What is the units digit of x?
7
Let v(z) = z**3 - 3*z**2 + 2*z. Let x be v(2). Suppose -3*k - 9 = x, j - 2*k - 27 = 3*k. Suppose 3*f - j - 30 = 0. What is the units digit of f?
4
Let t(l) = -4*l**2 - l + 5. Let w(c) = 4*c**2 + c - 6. Let o(z) = -3*t(z) - 2*w(z). What is the units digit of o(3)?
6
Let v = 60 - 41. What is the tens digit of v?
1
Let h(w) = w**3 - 8*w**2 + 8*w - 4. Let b = -23 + 45. Let q = b + -15. What is the units digit of h(q)?
3
Let r = 5 - -26. What is the units digit of r?
1
Suppose -3*z + 85 = 2*z. Let w be z/5 - (-18)/30. Suppose 2*o + 2 = 0, -4*j + 19 = o + w*o. What is the units digit of j?
6
Suppose 5*d + 20 = 0, -5*h - d = -2*d - 29. Suppose -2*r + 15 = o, h*o - 29 - 31 = -5*r. What is the units digit of o?
9
Let s(d) = -d**3 + 2*d**2 - 2. Let u be s(-2). Let m be (-22 - -25)/(1 + 0). Suppose -b - 3*h = m*b - 47, -2*h = -3*b + u. What is the units digit of b?
8
Suppose p = 6*p + 5, -w + 5 = -3*p. Suppose -3*r + 3 = 0, 6*x - w*x - 39 = -3*r. What is the units digit of x?
9
Suppose 0 = -2*w + 121 - 23. What is the units digit of w?
9
Let r = -14 - -10. Let w = r + 7. What is the units digit of w?
3
Let g be 69/(-9)*(-6)/(-2). Let a = g - -41. What is the units digit of a?
8
Suppose -20 = -3*a - 5. Suppose 3*o + 36 = -o. Let l = a - o. What is the units digit of l?
4
Let z(l) = -2 + 2 + 2*l. Let v be z(-1). Let h = v - -8. What is the units digit of h?
6
Let v be -4 + (-1)/(2/(-2)). Let s(z) = 5*z**2 + 5*z + 2. Let n be s(v). Suppose 3*q - 3*m = -m + n, 0 = q + m - 4. What is the units digit of q?
8
Let w(o) = -o + 7. Let t be w(7). Suppose t*q = 2*q. Let j(m) = -m**3 + m + 9. What is the units digit of j(q)?
9
Suppose 3*x = 3*a - 15, -2*x = -a - 3*a + 16. What is the units digit of -6 - -43 - (a + 1)?
3
Let o(c) = c**2 - 2*c + 6. Let a be o(4). Suppose -3*p + a = -4. What is the units digit of p?
6
Let f be (-6)/8 + (-26)/8. What is the units digit of (2/f)/((-2)/12)?
3
Let x be 3/(-6)*(-10)/1. Suppose -4*g + 5 = -3*g - x*p, 3 = 3*p. What is the tens digit of g?
1
Let d be (3 - 1)*(-6 - 5). Let u = 32 + d. What is the units digit of u?
0
What is the tens digit of (54/(-21) - 0)*140/(-30)?
1
Let u be 45/(-6)*2/(-3). Suppose 0*a + a - u = 0. Suppose -d - 3*f + 28 = d, -a*f + 52 = 4*d. What is the units digit of d?
8
Let a be (-41)/(-5) - (-2)/(-10). Suppose 3*t - a + 5 = 0. What is the units digit of t?
1
Let g(i) = -i**2 + i - 1. Let n(j) = -5*j**2 + 5*j - 13. Let f(k) = -6*g(k) + n(k). What is the tens digit of f(5)?
1
Suppose 5 = o, -5*o - 44 = -4*m + 103. What is the units digit of m?
3
Let j(h) = 4*h**2 + 5*h + 3. Let b be j(-4). Suppose b = -3*w + f - 5, 3*f = 5*w + 92. Let o = 28 + w. What is the units digit of o?
2
Suppose 3*y = 2*y - 5, k = 2*y + 121. What is the tens digit of k?
1
Suppose 2*b = y + 11, 6 = -5*y + 1. Suppose -b*j = -6 - 9. Suppose -40 - 14 = -j*c. What is the units digit of c?
8
Let b(u) = -2*u - 5. Let t be b(-5). Suppose 2*r - 5*d = 19, 7 + 8 = t*d. What is the units digit of r?
7
What is the units digit of 30 - ((-3 - -4) + -2)?
1
Let x(d) = -4*d + 4*d + 2*d. Let g(n) = n. Let j(m) = -g(m) + x(m). What is the units digit of j(3)?
3
Suppose -7*h = -4*h. What is the units digit of 2*(7/2 + h)?
7
Let w(t) be the first derivative of 1/3*t**3 + 1 + 5/2*t**2 - 10*t. What is the units digit of w(-7)?
4
Let x(q) = q**3 - 6*q**2 + 6*q - 4. What is the units digit of x(6)?
2
Let t(r) = -13*r - 1. Let x = 5 - 6. What is the tens digit of t(x)?
1
Suppose -4*p + 2 - 22 = 0, -2*o = 2*p - 14. Suppose -3*t - t - 4*r = -o, 4*t - 2*r = 42. What is the units digit of t?
8
Let j(u) = u**3 + 14*u**2 + 12*u - 9. Let v be j(-13). Suppose 4*a = v*k + 7 + 141, 0 = 3*k + 3. What is the tens digit of a?
3
Suppose 3*y - 56 = y. What is the tens digit of y?
2
Suppose -11*h + h = -820. What is the units digit of h?
2
Let h(l) = -l**3 + l**2 + 2*l + 17. What is the tens digit of h(0)?
1
Let g = -1 + 5. What is the tens digit of 18*(g/(-3))/(-2)?
1
Let t be ((-213)/(-9))/(2/6). Let v = t + -46. What is the units digit of v?
5
Suppose 0 = 4*n - 5*n. Suppose 4*d = -3*m + 20, -2*m = 5*d - n*m - 25. Suppose 0 = 5*f - 0 - d. What is the units digit of f?
1
Let w(k) = -k**2 - 6*k - 4. Let l be w(-5). Let x be 2 + 0 + (1 - l). Let m(i) = -i**3 + 5*i**2 - 3*i + 3. What is the units digit of m(x)?
9
Suppose -6 - 19 = -5*a. Suppose a*r = 164 + 26. What is the units digit of r?
8
Let v be -57*(-4)/(4 - 0)